[INFO] fetching crate smol-rgb 0.1.2...
[INFO] building smol-rgb-0.1.2 against master#ff34b919075f35a1787659e9c448a34b06bab8de for issue-85264
[INFO] extracting crate smol-rgb 0.1.2 into /workspace/builds/worker-4/source
[INFO] validating manifest of crates.io crate smol-rgb 0.1.2 on toolchain ff34b919075f35a1787659e9c448a34b06bab8de
[INFO] running `Command { std: "/workspace/cargo-home/bin/cargo" "+ff34b919075f35a1787659e9c448a34b06bab8de" "metadata" "--manifest-path" "Cargo.toml" "--no-deps", kill_on_drop: false }`
[INFO] started tweaking crates.io crate smol-rgb 0.1.2
[INFO] finished tweaking crates.io crate smol-rgb 0.1.2
[INFO] tweaked toml for crates.io crate smol-rgb 0.1.2 written to /workspace/builds/worker-4/source/Cargo.toml
[INFO] running `Command { std: "/workspace/cargo-home/bin/cargo" "+ff34b919075f35a1787659e9c448a34b06bab8de" "generate-lockfile" "--manifest-path" "Cargo.toml" "-Zno-index-update", kill_on_drop: false }`
[INFO] running `Command { std: "/workspace/cargo-home/bin/cargo" "+ff34b919075f35a1787659e9c448a34b06bab8de" "fetch" "--manifest-path" "Cargo.toml", kill_on_drop: false }`
[INFO] [stderr]     Blocking waiting for file lock on package cache
[INFO] running `Command { std: "docker" "create" "-v" "/var/lib/crater-agent-workspace/builds/worker-4/target:/opt/rustwide/target:rw,Z" "-v" "/var/lib/crater-agent-workspace/builds/worker-4/source:/opt/rustwide/workdir:ro,Z" "-v" "/var/lib/crater-agent-workspace/cargo-home:/opt/rustwide/cargo-home:ro,Z" "-v" "/var/lib/crater-agent-workspace/rustup-home:/opt/rustwide/rustup-home:ro,Z" "-e" "SOURCE_DIR=/opt/rustwide/workdir" "-e" "CARGO_TARGET_DIR=/opt/rustwide/target" "-e" "CARGO_HOME=/opt/rustwide/cargo-home" "-e" "RUSTUP_HOME=/opt/rustwide/rustup-home" "-w" "/opt/rustwide/workdir" "-m" "1610612736" "--user" "0:0" "--network" "none" "ghcr.io/rust-lang/crates-build-env/linux@sha256:20528e8c29e4536546f0102ce88568b16ea7538393a33fcca951030f7af10457" "/opt/rustwide/cargo-home/bin/cargo" "+ff34b919075f35a1787659e9c448a34b06bab8de" "metadata" "--no-deps" "--format-version=1", kill_on_drop: false }`
[INFO] [stdout] c2afe6a458918df3dcb39049f19d315e7c2b9493e4a884d3c11bfc59992dfd34
[INFO] [stderr] WARNING: Your kernel does not support swap limit capabilities or the cgroup is not mounted. Memory limited without swap.
[INFO] running `Command { std: "docker" "start" "-a" "c2afe6a458918df3dcb39049f19d315e7c2b9493e4a884d3c11bfc59992dfd34", kill_on_drop: false }`
[INFO] running `Command { std: "docker" "inspect" "c2afe6a458918df3dcb39049f19d315e7c2b9493e4a884d3c11bfc59992dfd34", kill_on_drop: false }`
[INFO] running `Command { std: "docker" "rm" "-f" "c2afe6a458918df3dcb39049f19d315e7c2b9493e4a884d3c11bfc59992dfd34", kill_on_drop: false }`
[INFO] [stdout] c2afe6a458918df3dcb39049f19d315e7c2b9493e4a884d3c11bfc59992dfd34
[INFO] running `Command { std: "docker" "create" "-v" "/var/lib/crater-agent-workspace/builds/worker-4/target:/opt/rustwide/target:rw,Z" "-v" "/var/lib/crater-agent-workspace/builds/worker-4/source:/opt/rustwide/workdir:ro,Z" "-v" "/var/lib/crater-agent-workspace/cargo-home:/opt/rustwide/cargo-home:ro,Z" "-v" "/var/lib/crater-agent-workspace/rustup-home:/opt/rustwide/rustup-home:ro,Z" "-e" "SOURCE_DIR=/opt/rustwide/workdir" "-e" "CARGO_TARGET_DIR=/opt/rustwide/target" "-e" "CARGO_INCREMENTAL=0" "-e" "RUST_BACKTRACE=full" "-e" "RUSTFLAGS=--cap-lints=forbid" "-e" "CARGO_HOME=/opt/rustwide/cargo-home" "-e" "RUSTUP_HOME=/opt/rustwide/rustup-home" "-w" "/opt/rustwide/workdir" "-m" "1610612736" "--user" "0:0" "--network" "none" "ghcr.io/rust-lang/crates-build-env/linux@sha256:20528e8c29e4536546f0102ce88568b16ea7538393a33fcca951030f7af10457" "/opt/rustwide/cargo-home/bin/cargo" "+ff34b919075f35a1787659e9c448a34b06bab8de" "build" "--frozen" "--message-format=json", kill_on_drop: false }`
[INFO] [stdout] 05b24362d2eaea0cfe42ff5ac1b72938ce136de0da997b7767db9256c53a4dbf
[INFO] [stderr] WARNING: Your kernel does not support swap limit capabilities or the cgroup is not mounted. Memory limited without swap.
[INFO] running `Command { std: "docker" "start" "-a" "05b24362d2eaea0cfe42ff5ac1b72938ce136de0da997b7767db9256c53a4dbf", kill_on_drop: false }`
[INFO] [stderr]    Compiling smol-rgb v0.1.2 (/opt/rustwide/workdir)
[INFO] [stderr]     Finished dev [unoptimized + debuginfo] target(s) in 0.29s
[INFO] running `Command { std: "docker" "inspect" "05b24362d2eaea0cfe42ff5ac1b72938ce136de0da997b7767db9256c53a4dbf", kill_on_drop: false }`
[INFO] running `Command { std: "docker" "rm" "-f" "05b24362d2eaea0cfe42ff5ac1b72938ce136de0da997b7767db9256c53a4dbf", kill_on_drop: false }`
[INFO] [stdout] 05b24362d2eaea0cfe42ff5ac1b72938ce136de0da997b7767db9256c53a4dbf
[INFO] running `Command { std: "docker" "create" "-v" "/var/lib/crater-agent-workspace/builds/worker-4/target:/opt/rustwide/target:rw,Z" "-v" "/var/lib/crater-agent-workspace/builds/worker-4/source:/opt/rustwide/workdir:ro,Z" "-v" "/var/lib/crater-agent-workspace/cargo-home:/opt/rustwide/cargo-home:ro,Z" "-v" "/var/lib/crater-agent-workspace/rustup-home:/opt/rustwide/rustup-home:ro,Z" "-e" "SOURCE_DIR=/opt/rustwide/workdir" "-e" "CARGO_TARGET_DIR=/opt/rustwide/target" "-e" "CARGO_INCREMENTAL=0" "-e" "RUST_BACKTRACE=full" "-e" "RUSTFLAGS=--cap-lints=forbid" "-e" "CARGO_HOME=/opt/rustwide/cargo-home" "-e" "RUSTUP_HOME=/opt/rustwide/rustup-home" "-w" "/opt/rustwide/workdir" "-m" "1610612736" "--user" "0:0" "--network" "none" "ghcr.io/rust-lang/crates-build-env/linux@sha256:20528e8c29e4536546f0102ce88568b16ea7538393a33fcca951030f7af10457" "/opt/rustwide/cargo-home/bin/cargo" "+ff34b919075f35a1787659e9c448a34b06bab8de" "test" "--frozen" "--no-run" "--message-format=json", kill_on_drop: false }`
[INFO] [stdout] 3a488685e5fcba881426a6ce200a398dffef561e38355fe4c98870baf93b1263
[INFO] [stderr] WARNING: Your kernel does not support swap limit capabilities or the cgroup is not mounted. Memory limited without swap.
[INFO] running `Command { std: "docker" "start" "-a" "3a488685e5fcba881426a6ce200a398dffef561e38355fe4c98870baf93b1263", kill_on_drop: false }`
[INFO] [stderr]    Compiling dtoa v0.4.8
[INFO] [stderr]    Compiling static_assertions v1.1.0
[INFO] [stderr]    Compiling yaml-rust v0.4.5
[INFO] [stderr]    Compiling bincode v1.3.3
[INFO] [stderr]    Compiling serde_json v1.0.64
[INFO] [stderr]    Compiling serde_yaml v0.8.17
[INFO] [stderr]    Compiling smol-rgb v0.1.2 (/opt/rustwide/workdir)
[INFO] [stdout] error[E0433]: failed to resolve: use of undeclared crate or module `bytemuck`
[INFO] [stdout]    --> src/lib.rs:753:52
[INFO] [stdout]     |
[INFO] [stdout] 753 |         let o = bincode::deserialize::<EncodedRgb>(bytemuck::cast_slice(&buf));
[INFO] [stdout]     |                                                    ^^^^^^^^ use of undeclared crate or module `bytemuck`
[INFO] [stdout] 
[INFO] [stdout] 
[INFO] [stdout] error[E0433]: failed to resolve: use of undeclared crate or module `bytemuck`
[INFO] [stdout]    --> src/lib.rs:762:55
[INFO] [stdout]     |
[INFO] [stdout] 762 |         let o = deserialize.deserialize::<EncodedRgb>(bytemuck::cast_slice(&buf));
[INFO] [stdout]     |                                                       ^^^^^^^^ use of undeclared crate or module `bytemuck`
[INFO] [stdout] 
[INFO] [stdout] 
[INFO] [stdout] error[E0433]: failed to resolve: use of undeclared crate or module `bytemuck`
[INFO] [stdout]    --> src/lib.rs:766:55
[INFO] [stdout]     |
[INFO] [stdout] 766 |         let o = deserialize.deserialize::<EncodedRgb>(bytemuck::cast_slice(&buf));
[INFO] [stdout]     |                                                       ^^^^^^^^ use of undeclared crate or module `bytemuck`
[INFO] [stdout] 
[INFO] [stdout] 
[INFO] [stdout] error[E0433]: failed to resolve: use of undeclared crate or module `bytemuck`
[INFO] [stdout]    --> src/lib.rs:770:55
[INFO] [stdout]     |
[INFO] [stdout] 770 |         let o = deserialize.deserialize::<EncodedRgb>(bytemuck::cast_slice(&buf));
[INFO] [stdout]     |                                                       ^^^^^^^^ use of undeclared crate or module `bytemuck`
[INFO] [stdout] 
[INFO] [stdout] 
[INFO] [stdout] error[E0277]: the trait bound `EncodedRgb: serde::ser::Serialize` is not satisfied
[INFO] [stdout]     --> src/lib.rs:712:48
[INFO] [stdout]      |
[INFO] [stdout] 712  |         let serialized = serde_json::to_string(&color).unwrap();
[INFO] [stdout]      |                                                ^^^^^^ the trait `serde::ser::Serialize` is not implemented for `EncodedRgb`
[INFO] [stdout]      | 
[INFO] [stdout]     ::: /opt/rustwide/cargo-home/registry/src/github.com-1ecc6299db9ec823/serde_json-1.0.64/src/ser.rs:2221:17
[INFO] [stdout]      |
[INFO] [stdout] 2221 |     T: ?Sized + Serialize,
[INFO] [stdout]      |                 --------- required by this bound in `serde_json::to_string`
[INFO] [stdout] 
[INFO] [stdout] 
[INFO] [stdout] error[E0277]: the trait bound `EncodedRgb: serde::de::Deserialize<'_>` is not satisfied
[INFO] [stdout]     --> src/lib.rs:714:28
[INFO] [stdout]      |
[INFO] [stdout] 714  |         let deserialized = serde_json::from_str(&serialized).unwrap();
[INFO] [stdout]      |                            ^^^^^^^^^^^^^^^^^^^^ the trait `serde::de::Deserialize<'_>` is not implemented for `EncodedRgb`
[INFO] [stdout]      | 
[INFO] [stdout]     ::: /opt/rustwide/cargo-home/registry/src/github.com-1ecc6299db9ec823/serde_json-1.0.64/src/de.rs:2584:8
[INFO] [stdout]      |
[INFO] [stdout] 2584 |     T: de::Deserialize<'a>,
[INFO] [stdout]      |        ------------------- required by this bound in `serde_json::from_str`
[INFO] [stdout] 
[INFO] [stdout] 
[INFO] [stdout] error[E0277]: the trait bound `EncodedRgb: serde::ser::Serialize` is not satisfied
[INFO] [stdout]    --> src/lib.rs:718:48
[INFO] [stdout]     |
[INFO] [stdout] 718 |         let serialized = serde_yaml::to_string(&color).unwrap();
[INFO] [stdout]     |                                                ^^^^^^ the trait `serde::ser::Serialize` is not implemented for `EncodedRgb`
[INFO] [stdout]     | 
[INFO] [stdout]    ::: /opt/rustwide/cargo-home/registry/src/github.com-1ecc6299db9ec823/serde_yaml-0.8.17/src/ser.rs:854:8
[INFO] [stdout]     |
[INFO] [stdout] 854 |     T: ser::Serialize,
[INFO] [stdout]     |        -------------- required by this bound in `serde_yaml::to_string`
[INFO] [stdout] 
[INFO] [stdout] 
[INFO] [stdout] error[E0277]: the trait bound `for<'de> EncodedRgb: serde::de::Deserialize<'de>` is not satisfied
[INFO] [stdout]     --> src/lib.rs:720:28
[INFO] [stdout]      |
[INFO] [stdout] 720  |         let deserialized = serde_yaml::from_str(&serialized).unwrap();
[INFO] [stdout]      |                            ^^^^^^^^^^^^^^^^^^^^ the trait `for<'de> serde::de::Deserialize<'de>` is not implemented for `EncodedRgb`
[INFO] [stdout]      | 
[INFO] [stdout]     ::: /opt/rustwide/cargo-home/registry/src/github.com-1ecc6299db9ec823/serde_yaml-0.8.17/src/de.rs:1455:8
[INFO] [stdout]      |
[INFO] [stdout] 1455 |     T: DeserializeOwned,
[INFO] [stdout]      |        ---------------- required by this bound in `serde_yaml::from_str`
[INFO] [stdout]      |
[INFO] [stdout]      = note: required because of the requirements on the impl of `serde::de::DeserializeOwned` for `EncodedRgb`
[INFO] [stdout] 
[INFO] [stdout] 
[INFO] [stdout] error[E0277]: the trait bound `for<'de> EncodedRgb: serde::de::Deserialize<'de>` is not satisfied
[INFO] [stdout]     --> src/lib.rs:725:33
[INFO] [stdout]      |
[INFO] [stdout] 725  |         let color: EncodedRgb = serde_yaml::from_str(start).unwrap();
[INFO] [stdout]      |                                 ^^^^^^^^^^^^^^^^^^^^ the trait `for<'de> serde::de::Deserialize<'de>` is not implemented for `EncodedRgb`
[INFO] [stdout]      | 
[INFO] [stdout]     ::: /opt/rustwide/cargo-home/registry/src/github.com-1ecc6299db9ec823/serde_yaml-0.8.17/src/de.rs:1455:8
[INFO] [stdout]      |
[INFO] [stdout] 1455 |     T: DeserializeOwned,
[INFO] [stdout]      |        ---------------- required by this bound in `serde_yaml::from_str`
[INFO] [stdout]      |
[INFO] [stdout]      = note: required because of the requirements on the impl of `serde::de::DeserializeOwned` for `EncodedRgb`
[INFO] [stdout] 
[INFO] [stdout] 
[INFO] [stdout] error[E0277]: the trait bound `for<'de> EncodedRgb: serde::de::Deserialize<'de>` is not satisfied
[INFO] [stdout]     --> src/lib.rs:730:40
[INFO] [stdout]      |
[INFO] [stdout] 730  |         let o = serde_yaml::from_str::<EncodedRgb>("[0.2, 50, 50, 255]");
[INFO] [stdout]      |                                        ^^^^^^^^^^ the trait `for<'de> serde::de::Deserialize<'de>` is not implemented for `EncodedRgb`
[INFO] [stdout]      | 
[INFO] [stdout]     ::: /opt/rustwide/cargo-home/registry/src/github.com-1ecc6299db9ec823/serde_yaml-0.8.17/src/de.rs:1455:8
[INFO] [stdout]      |
[INFO] [stdout] 1455 |     T: DeserializeOwned,
[INFO] [stdout]      |        ---------------- required by this bound in `serde_yaml::from_str`
[INFO] [stdout]      |
[INFO] [stdout]      = note: required because of the requirements on the impl of `serde::de::DeserializeOwned` for `EncodedRgb`
[INFO] [stdout] 
[INFO] [stdout] 
[INFO] [stdout] error[E0277]: the trait bound `for<'de> EncodedRgb: serde::de::Deserialize<'de>` is not satisfied
[INFO] [stdout]     --> src/lib.rs:732:40
[INFO] [stdout]      |
[INFO] [stdout] 732  |         let o = serde_yaml::from_str::<EncodedRgb>("[20, 50, 50, 256]");
[INFO] [stdout]      |                                        ^^^^^^^^^^ the trait `for<'de> serde::de::Deserialize<'de>` is not implemented for `EncodedRgb`
[INFO] [stdout]      | 
[INFO] [stdout]     ::: /opt/rustwide/cargo-home/registry/src/github.com-1ecc6299db9ec823/serde_yaml-0.8.17/src/de.rs:1455:8
[INFO] [stdout]      |
[INFO] [stdout] 1455 |     T: DeserializeOwned,
[INFO] [stdout]      |        ---------------- required by this bound in `serde_yaml::from_str`
[INFO] [stdout]      |
[INFO] [stdout]      = note: required because of the requirements on the impl of `serde::de::DeserializeOwned` for `EncodedRgb`
[INFO] [stdout] 
[INFO] [stdout] 
[INFO] [stdout] error[E0277]: the trait bound `for<'de> EncodedRgb: serde::de::Deserialize<'de>` is not satisfied
[INFO] [stdout]     --> src/lib.rs:734:40
[INFO] [stdout]      |
[INFO] [stdout] 734  |         let o = serde_yaml::from_str::<EncodedRgb>("[20, 50, 245]");
[INFO] [stdout]      |                                        ^^^^^^^^^^ the trait `for<'de> serde::de::Deserialize<'de>` is not implemented for `EncodedRgb`
[INFO] [stdout]      | 
[INFO] [stdout]     ::: /opt/rustwide/cargo-home/registry/src/github.com-1ecc6299db9ec823/serde_yaml-0.8.17/src/de.rs:1455:8
[INFO] [stdout]      |
[INFO] [stdout] 1455 |     T: DeserializeOwned,
[INFO] [stdout]      |        ---------------- required by this bound in `serde_yaml::from_str`
[INFO] [stdout]      |
[INFO] [stdout]      = note: required because of the requirements on the impl of `serde::de::DeserializeOwned` for `EncodedRgb`
[INFO] [stdout] 
[INFO] [stdout] 
[INFO] [stdout] error[E0277]: the trait bound `for<'de> EncodedRgb: serde::de::Deserialize<'de>` is not satisfied
[INFO] [stdout]     --> src/lib.rs:736:40
[INFO] [stdout]      |
[INFO] [stdout] 736  |         let o = serde_yaml::from_str::<EncodedRgb>("[-20, 20, 50, 255]");
[INFO] [stdout]      |                                        ^^^^^^^^^^ the trait `for<'de> serde::de::Deserialize<'de>` is not implemented for `EncodedRgb`
[INFO] [stdout]      | 
[INFO] [stdout]     ::: /opt/rustwide/cargo-home/registry/src/github.com-1ecc6299db9ec823/serde_yaml-0.8.17/src/de.rs:1455:8
[INFO] [stdout]      |
[INFO] [stdout] 1455 |     T: DeserializeOwned,
[INFO] [stdout]      |        ---------------- required by this bound in `serde_yaml::from_str`
[INFO] [stdout]      |
[INFO] [stdout]      = note: required because of the requirements on the impl of `serde::de::DeserializeOwned` for `EncodedRgb`
[INFO] [stdout] 
[INFO] [stdout] 
[INFO] [stdout] error[E0277]: the trait bound `for<'de> EncodedRgb: serde::de::Deserialize<'de>` is not satisfied
[INFO] [stdout]     --> src/lib.rs:738:40
[INFO] [stdout]      |
[INFO] [stdout] 738  |         let o = serde_yaml::from_str::<EncodedRgb>("[20, 20, 50, 255, 255]");
[INFO] [stdout]      |                                        ^^^^^^^^^^ the trait `for<'de> serde::de::Deserialize<'de>` is not implemented for `EncodedRgb`
[INFO] [stdout]      | 
[INFO] [stdout]     ::: /opt/rustwide/cargo-home/registry/src/github.com-1ecc6299db9ec823/serde_yaml-0.8.17/src/de.rs:1455:8
[INFO] [stdout]      |
[INFO] [stdout] 1455 |     T: DeserializeOwned,
[INFO] [stdout]      |        ---------------- required by this bound in `serde_yaml::from_str`
[INFO] [stdout]      |
[INFO] [stdout]      = note: required because of the requirements on the impl of `serde::de::DeserializeOwned` for `EncodedRgb`
[INFO] [stdout] 
[INFO] [stdout] 
[INFO] [stdout] error[E0277]: the trait bound `EncodedRgb: serde::ser::Serialize` is not satisfied
[INFO] [stdout]    --> src/lib.rs:743:39
[INFO] [stdout]     |
[INFO] [stdout] 743 |         let buff = bincode::serialize(&color).unwrap();
[INFO] [stdout]     |                                       ^^^^^^ the trait `serde::ser::Serialize` is not implemented for `EncodedRgb`
[INFO] [stdout]     | 
[INFO] [stdout]    ::: /opt/rustwide/cargo-home/registry/src/github.com-1ecc6299db9ec823/bincode-1.3.3/src/lib.rs:108:8
[INFO] [stdout]     |
[INFO] [stdout] 108 |     T: serde::Serialize,
[INFO] [stdout]     |        ---------------- required by this bound in `bincode::serialize`
[INFO] [stdout] 
[INFO] [stdout] 
[INFO] [stdout] error[E0277]: the trait bound `EncodedRgb: serde::ser::Serialize` is not satisfied
[INFO] [stdout]    --> src/lib.rs:747:39
[INFO] [stdout]     |
[INFO] [stdout] 747 |         let buff = bincode::serialize(&color).unwrap();
[INFO] [stdout]     |                                       ^^^^^^ the trait `serde::ser::Serialize` is not implemented for `EncodedRgb`
[INFO] [stdout]     | 
[INFO] [stdout]    ::: /opt/rustwide/cargo-home/registry/src/github.com-1ecc6299db9ec823/bincode-1.3.3/src/lib.rs:108:8
[INFO] [stdout]     |
[INFO] [stdout] 108 |     T: serde::Serialize,
[INFO] [stdout]     |        ---------------- required by this bound in `bincode::serialize`
[INFO] [stdout] 
[INFO] [stdout] 
[INFO] [stdout] error[E0277]: the trait bound `EncodedRgb: serde::de::Deserialize<'_>` is not satisfied
[INFO] [stdout]    --> src/lib.rs:749:44
[INFO] [stdout]     |
[INFO] [stdout] 749 |         let round_trip_color: EncodedRgb = bincode::deserialize(&buff).unwrap();
[INFO] [stdout]     |                                            ^^^^^^^^^^^^^^^^^^^^ the trait `serde::de::Deserialize<'_>` is not implemented for `EncodedRgb`
[INFO] [stdout]     | 
[INFO] [stdout]    ::: /opt/rustwide/cargo-home/registry/src/github.com-1ecc6299db9ec823/bincode-1.3.3/src/lib.rs:179:8
[INFO] [stdout]     |
[INFO] [stdout] 179 |     T: serde::de::Deserialize<'a>,
[INFO] [stdout]     |        -------------------------- required by this bound in `bincode::deserialize`
[INFO] [stdout] 
[INFO] [stdout] 
[INFO] [stdout] error[E0277]: the trait bound `EncodedRgb: serde::de::Deserialize<'_>` is not satisfied
[INFO] [stdout]    --> src/lib.rs:753:17
[INFO] [stdout]     |
[INFO] [stdout] 753 |         let o = bincode::deserialize::<EncodedRgb>(bytemuck::cast_slice(&buf));
[INFO] [stdout]     |                 ^^^^^^^^^^^^^^^^^^^^^^^^^^^^^^^^^^ the trait `serde::de::Deserialize<'_>` is not implemented for `EncodedRgb`
[INFO] [stdout]     | 
[INFO] [stdout]    ::: /opt/rustwide/cargo-home/registry/src/github.com-1ecc6299db9ec823/bincode-1.3.3/src/lib.rs:179:8
[INFO] [stdout]     |
[INFO] [stdout] 179 |     T: serde::de::Deserialize<'a>,
[INFO] [stdout]     |        -------------------------- required by this bound in `bincode::deserialize`
[INFO] [stdout] 
[INFO] [stdout] 
[INFO] [stdout] error[E0277]: the trait bound `EncodedRgb: serde::de::Deserialize<'_>` is not satisfied
[INFO] [stdout]    --> src/lib.rs:762:29
[INFO] [stdout]     |
[INFO] [stdout] 762 |         let o = deserialize.deserialize::<EncodedRgb>(bytemuck::cast_slice(&buf));
[INFO] [stdout]     |                             ^^^^^^^^^^^ the trait `serde::de::Deserialize<'_>` is not implemented for `EncodedRgb`
[INFO] [stdout] 
[INFO] [stdout] 
[INFO] [stdout] error[E0277]: the trait bound `EncodedRgb: serde::de::Deserialize<'_>` is not satisfied
[INFO] [stdout]    --> src/lib.rs:766:29
[INFO] [stdout]     |
[INFO] [stdout] 766 |         let o = deserialize.deserialize::<EncodedRgb>(bytemuck::cast_slice(&buf));
[INFO] [stdout]     |                             ^^^^^^^^^^^ the trait `serde::de::Deserialize<'_>` is not implemented for `EncodedRgb`
[INFO] [stdout] 
[INFO] [stdout] 
[INFO] [stdout] error[E0277]: the trait bound `EncodedRgb: serde::de::Deserialize<'_>` is not satisfied
[INFO] [stdout]    --> src/lib.rs:770:29
[INFO] [stdout]     |
[INFO] [stdout] 770 |         let o = deserialize.deserialize::<EncodedRgb>(bytemuck::cast_slice(&buf));
[INFO] [stdout]     |                             ^^^^^^^^^^^ the trait `serde::de::Deserialize<'_>` is not implemented for `EncodedRgb`
[INFO] [stdout] 
[INFO] [stdout] 
[INFO] [stdout] error: aborting due to 21 previous errors
[INFO] [stdout] 
[INFO] [stdout] 
[INFO] [stdout] Some errors have detailed explanations: E0277, E0433.
[INFO] [stdout] 
[INFO] [stdout] For more information about an error, try `rustc --explain E0277`.
[INFO] [stdout] 
[INFO] [stderr] error: could not compile `smol-rgb`
[INFO] [stderr] 
[INFO] [stderr] To learn more, run the command again with --verbose.
[INFO] running `Command { std: "docker" "inspect" "3a488685e5fcba881426a6ce200a398dffef561e38355fe4c98870baf93b1263", kill_on_drop: false }`
[INFO] running `Command { std: "docker" "rm" "-f" "3a488685e5fcba881426a6ce200a398dffef561e38355fe4c98870baf93b1263", kill_on_drop: false }`
[INFO] [stdout] 3a488685e5fcba881426a6ce200a398dffef561e38355fe4c98870baf93b1263
